816822?
False
Is 32 a factor of 3755376?
False
Is 436 a factor of 5251133?
False
Is 131 a factor of 2041505?
False
Is 12474 a multiple of 63?
True
Is 26623 a multiple of 79?
True
Is 14 a factor of 511008?
False
Is 19 a factor of 276849?
True
Is 125320 a multiple of 130?
True
Is 174 a factor of 1954194?
True
Is 122174 a multiple of 127?
True
Does 48 divide 1569159?
False
Is 2059239 a multiple of 53?
False
Is 771900 a multiple of 332?
True
Does 46 divide 947600?
True
Does 12 divide 322185?
False
Is 336 a factor of 338016?
True
Is 165565 a multiple of 3?
False
Is 126778 a multiple of 2?
True
Does 15 divide 1685148?
False
Is 482082 a multiple of 37?
False
Is 804052 a multiple of 675?
False
Does 580 divide 1249820?
False
Does 20 divide 786383?
False
Is 3 a factor of 1082065?
False
Is 283 a factor of 1797050?
True
Is 15187 a multiple of 9?
False
Is 11 a factor of 7297666?
False
Does 192 divide 340416?
True
Is 4287718 a multiple of 1038?
False
Does 597 divide 594612?
True
Is 2003519 a multiple of 375?
False
Is 12 a factor of 45471?
False
Is 14 a factor of 695329?
False
Is 54 a factor of 5935237?
False
Is 195624 a multiple of 198?
True
Does 167 divide 425314?
False
Is 49 a factor of 58065?
True
Is 703 a factor of 38414?
False
Is 2466369 a multiple of 112?
False
Is 143 a factor of 66323?
False
Is 92 a factor of 3526360?
True
Does 1306 divide 348550?
False
Is 15 a factor of 360444?
False
Does 15 divide 953977?
False
Does 2 divide 172615?
False
Is 72364 a multiple of 80?
False
Does 43 divide 371416?
False
Does 62 divide 331150?
False
Is 23156 a multiple of 4?
True
Does 126 divide 1000083?
False
Is 5706831 a multiple of 1677?
True
Does 1100 divide 25072300?
True
Is 38 a factor of 77596?
True
Is 232 a factor of 3882056?
True
Is 98420 a multiple of 35?
True
Is 26217146 a multiple of 44?
False
Is 7408647 a multiple of 14?
False
Is 239520 a multiple of 80?
True
Is 72 a factor of 9538062?
False
Does 369 divide 1881531?
True
Does 413 divide 1477714?
True
Is 19 a factor of 7361?
False
Does 79 divide 92272?
True
Is 8 a factor of 54113?
False
Is 253 a factor of 3362470?
False
Does 49 divide 7520069?
False
Does 12 divide 293760?
True
Does 248 divide 138541?
False
Is 30527 a multiple of 11?
False
Does 57 divide 91884?
True
Is 10 a factor of 827260?
True
Is 940212 a multiple of 182?
True
Is 13 a factor of 116363?
True
Is 69120 a multiple of 54?
True
Does 13 divide 166946?
True
Is 33 a factor of 19625?
False
Is 459767 a multiple of 49?
True
Is 561275 a multiple of 55?
True
Does 497 divide 9818864?
False
Does 69 divide 234600?
True
Is 149 a factor of 160357?
False
Does 186 divide 515592?
True
Is 3 a factor of 469614?
True
Is 278386 a multiple of 548?
False
Does 68 divide 799748?
True
Does 19 divide 1791985?
True
Is 243251 a multiple of 32?
False
Does 93 divide 2161497?
False
Is 23 a factor of 1239751?
False
Is 29315 a multiple of 31?
False
Is 49223 a multiple of 284?
False
Is 29 a factor of 35009?
False
Does 3 divide 2249868?
True
Is 1008128 a multiple of 704?
True
Does 915 divide 18945735?
False
Is 13 a factor of 14238198?
True
Does 836 divide 68552?
True
Is 1042000 a multiple of 25?
True
Is 297 a factor of 13201248?
False
Does 1061 divide 21535767?
False
Does 9 divide 43290?
True
Is 1685984 a multiple of 472?
True
Is 431021 a multiple of 11?
False
Does 37 divide 937580?
True
Is 5496600 a multiple of 107?
False
Is 157830 a multiple of 5?
True
Does 24 divide 2284176?
True
Does 7 divide 41153?
True
Is 78 a factor of 3693846?
True
Does 584 divide 913777?
False
Is 609 a factor of 4528394?
False
Is 297 a factor of 2116436?
False
Does 75 divide 505842?
False
Does 3 divide 73726?
False
Is 12 a factor of 318092?
False
Is 8 a factor of 137456?
True
Does 18 divide 30749302?
False
Is 464 a factor of 4464144?
True
Is 461801 a multiple of 14?
False
Does 658 divide 3401860?
True
Does 90 divide 48150?
True
Is 7681630 a multiple of 22?
True
Is 16 a factor of 1573728?
True
Does 9 divide 1779786?
True
Is 2174870 a multiple of 158?
True
Is 47 a factor of 963483?
False
Is 1136335 a multiple of 8?
False
Does 98 divide 274400?
True
Does 13 divide 929910?
False
Does 923 divide 11635338?
True
Does 431 divide 8189?
True
Does 6 divide 127818?
True
Does 297 divide 21970?
False
Is 64007 a multiple of 29?
False
Is 6386178 a multiple of 28?
False
Is 5205936 a multiple of 16?
True
Is 232 a factor of 82360?
True
Is 4043640 a multiple of 5?
True
Is 21 a factor of 58857?
False
Is 231 a factor of 390710?
False
Is 1969866 a multiple of 27?
True
Is 119 a factor of 304045?
True
Does 12 divide 119040?
True
Is 5 a factor of 35530?
True
Is 36610 a multiple of 20?
False
Does 469 divide 724605?
True
Is 1231 a factor of 22487908?
True
Is 4281217 a multiple of 48?
False
Is 23 a factor of 808372?
False
Is 630500 a multiple of 152?
False
Is 15 a factor of 240060?
True
Is 1453406 a multiple of 218?
True
Is 65 a factor of 8240050?
True
Does 8 divide 4122360?
True
Is 292535 a multiple of 13?
False
Does 160 divide 3723984?
False
Does 689 divide 1229865?
True
Does 49 divide 261758?
True
Does 8 divide 150584?
True
Does 48 divide 5125140?
False
Does 12 divide 110797?
False
Is 3060465 a multiple of 151?
False
Does 96 divide 344139?
False
Is 312280 a multiple of 185?
True
Does 450 divide 294703?
False
Is 912205 a multiple of 28?
False
Is 3960 a multiple of 6?
True
Is 104 a factor of 148016?
False
Does 17 divide 4799355?
True
Is 9 a factor of 313920?
True
Is 1349253 a multiple of 9?
True
Is 267 a factor of 6350560?
False
Is 1388 a factor of 20990963?
False
Is 8495298 a multiple of 47?
False
Does 30 divide 1746360?
True
Is 7552363 a multiple of 13?
True
Is 8 a factor of 32692?
False
Is 1626 a factor of 4357680?
True
Is 936 a multiple of 117?
True
Does 189 divide 1288424?
False
Is 37 a factor of 447410?
False
Is 83 a factor of 222325?
False
Is 5 a factor of 1374558?
False
Is 41 a factor of 625988?
True
Does 13 divide 93258?
False
Is 16 a factor of 4240?
True
Does 19 divide 2276675?
True
Is 3328192 a multiple of 40?
False
Does 12 divide 152880?
True
Does 4 divide 83500?
True
Does 133 divide 138381?
False
Does 15 divide 345?
True
Does 66 divide 746902?
False
Is 270528 a multiple of 24?
True
Is 856451 a multiple of 17?
False
Does 7 divide 127204?
True
Does 114 divide 236844?
False
Does 134 divide 263192?
False
Is 30277314 a multiple of 25?
False
Does 10 divide 9200?
True
Is 850500 a multiple of 108?
True
Is 425448 a multiple of 4?
True
Is 1710470 a multiple of 482?
False
Is 23 a factor of 11802065?
False
Is 2097 a factor of 22792293?
True
Is 288820 a multiple of 70?
True
Is 328721 a multiple of 2?
False
Does 41 divide 523201?
True
Does 15 divide 75360?
True
Is 183596 a multiple of 79?
True
Is 501171 a multiple of 251?
False
Is 26114 a multiple of 6?
False
Does 101 divide 8684081?
True
Is 282480 a multiple of 220?
True
Does 38 divide 7390?
False
Is 821016 a multiple of 63?
True
Is 361862 a multiple of 4?
False
Is 3040388 a multiple of 5?
False
Does 775 divide 6682050?
True
Does 205 divide 1642495?
False
Is 1247232 a multiple of 8?
True
Is 297 a factor of 2237256?
False
Is 3 a factor of 176309?
False
Is 224722 a multiple of 9?
False
Does 17 divide 135181?
False
Does 167 divide 194946?
False
Is 571 a factor of 3130793?
True
Does 913 divide 40958093?
True
Is 194 a factor of 584910?
True
Does 125 divide 186250?
True
Is 93914 a multiple of 804?
False
Is 1923900 a multiple of 1361?
False
Is 5480405 a multiple of 884?
False
Does 11 divide 174974?
False
Does 13 divide 8749811?
False
Is 780182 a multiple of 16?
False
Is 8 a factor of 180359?
False
Does 8 divide 96031?
False
Does 81 divide 171720?
True
Is 156 a factor of 1613821?
False
Does 4 divide 27372?
True
Is 243137 a multiple of 18?
False
Does 56 divide 3865?
False
Does 87 divide 2074628?
False
Is 20 a factor of 2301986?
False
Does 193 divide 193448?
False
Is 73462 a multiple of 28?
False
Is 620908 a multiple of 92?
True
Is 354 a factor of 87084?
True
Does 303 divide 2678760?
False
Is 34 a factor of 1315584?
False
Is 30 a factor of 44023?
False
Is 3138206 a multiple of 6?
False
Is 47828 a multiple of 22?
True
Does 2 divide 72864?
True
Is 254 a factor of 2596050?
False
Does 86 divide 1819993?
False
Does 84 divide 48552?
True
Is 133 a factor of 1136086?
True
Is 2226783 a multiple 